2749
What are the prime factors of 695?
5, 139
What are the prime factors of 33251?
41, 811
List the prime factors of 42444.
2, 3, 131
List the prime factors of 1173.
3, 17, 23
List the prime factors of 667.
23, 29
What are the prime factors of 1267?
7, 181
List the prime factors of 3534.
2, 3, 19, 31
List the prime factors of 53402.
2, 26701
List the prime factors of 924.
2, 3, 7, 11
List the prime factors of 3875.
5, 31
List the prime factors of 4836.
2, 3, 13, 31
List the prime factors of 56102.
2, 28051
List the prime factors of 723.
3, 241
List the prime factors of 11507.
37, 311
What are the prime factors of 20736?
2, 3
What are the prime factors of 10994?
2, 23, 239
List the prime factors of 1048.
2, 131
What are the prime factors of 19878?
2, 3, 3313
List the prime factors of 52943.
11, 4813
What are the prime factors of 149945?
5, 29989
List the prime factors of 35231.
7, 719
What are the prime factors of 21835?
5, 11, 397
What are the prime factors of 2217?
3, 739
List the prime factors of 281.
281
What are the prime factors of 2086?
2, 7, 149
What are the prime factors of 36025?
5, 11, 131
What are the prime factors of 373?
373
List the prime factors of 896.
2, 7
List the prime factors of 4489.
67
List the prime factors of 94658.
2, 19, 47, 53
What are the prime factors of 13529?
83, 163
List the prime factors of 1339.
13, 103
What are the prime factors of 2389?
2389
List the prime factors of 21082.
2, 83, 127
List the prime factors of 248.
2, 31
What are the prime factors of 7549?
7549
What are the prime factors of 20914?
2, 10457
List the prime factors of 3862.
2, 1931
What are the prime factors of 488?
2, 61
What are the prime factors of 159?
3, 53
List the prime factors of 2363.
17, 139
List the prime factors of 851.
23, 37
List the prime factors of 627.
3, 11, 19
What are the prime factors of 35566?
2, 17783
List the prime factors of 3654.
2, 3, 7, 29
List the prime factors of 5125.
5, 41
List the prime factors of 21720.
2, 3, 5, 181
What are the prime factors of 94?
2, 47
What are the prime factors of 24752?
2, 7, 13, 17
List the prime factors of 1261.
13, 97
List the prime factors of 1091.
1091
What are the prime factors of 3740?
2, 5, 11, 17
What are the prime factors of 7098?
2, 3, 7, 13
List the prime factors of 20225.
5, 809
List the prime factors of 1953.
3, 7, 31
What are the prime factors of 3222?
2, 3, 179
List the prime factors of 2127.
3, 709
What are the prime factors of 11765?
5, 13, 181
List the prime factors of 864.
2, 3
What are the prime factors of 284?
2, 71
What are the prime factors of 1312?
2, 41
What are the prime factors of 26615?
5, 5323
What are the prime factors of 1745?
5, 349
List the prime factors of 30777.
3, 10259
What are the prime factors of 849?
3, 283
What are the prime factors of 7675?
5, 307
List the prime factors of 14795.
5, 11, 269
List the prime factors of 85604.
2, 21401
List the prime factors of 6117.
3, 2039
List the prime factors of 1822.
2, 911
List the prime factors of 1786.
2, 19, 47
List the prime factors of 10314.
2, 3, 191
List the prime factors of 13215.
3, 5, 881
What are the prime factors of 34450?
2, 5, 13, 53
What are the prime factors of 559?
13, 43
List the prime factors of 1273.
19, 67
List the prime factors of 2090.
2, 5, 11, 19
What are the prime factors of 404?
2, 101
List the prime factors of 726.
2, 3, 11
What are the prime factors of 1207?
17, 71
What are the prime factors of 10446?
2, 3, 1741
List the prime factors of 8287.
8287
What are the prime factors of 1337?
7, 191
What are the prime factors of 97179?
3, 29, 1117
List the prime factors of 1438.
2, 719
List the prime factors of 1659.
3, 7, 79
List the prime factors of 76972.
2, 7, 2749
What are the prime factors of 212?
2, 53
What are the prime factors of 4592?
2, 7, 41
List the prime factors of 49097.
29, 1693
List the prime factors of 3197.
23, 139
What are the prime factors of 2991?
3, 997
What are the prime factors of 2527?
7, 19
List the prime factors of 50945.
5, 23, 443
What are the prime factors of 11974?
2, 5987
List the prime factors of 3594.
2, 3, 599
List the prime factors of 6492.
2, 3, 541
List the prime factors of 18272.
2, 571
What are the prime factors of 76123?
76123
List the prime factors of 28596.
2, 3, 2383
What are the prime factors of 538?
2, 269
List the prime factors of 7488.
2, 3, 13
List the prime factors of 205.
5, 41
List the prime factors of 514.
2, 257
List the prime factors of 85489.
53, 1613
List the prime factors of 7675.
5, 307
List the prime factors of 101365.
5, 11, 19, 97
What are the prime factors of 45221?
11, 4111
What are the prime factors of 13935?
3, 5, 929
What are the prime factors of 11860?
2, 5, 593
What are the prime factors of 10162?
2, 5081
List the prime factors of 134409.
3, 11, 4073
What are the prime factors of 649?
11, 59
List the prime factors of 6764.
2, 19, 89
List the prime factors of 3920.
2, 5, 7
List the prime factors of 474.
2, 3, 79
List the prime factors of 14415.
3, 5, 31
What are the prime factors of 411?
3, 137
List the prime factors of 603.
3, 67
What are the prime factors of 1612?
2, 13, 31
What are the prime factors of 133791?
3, 7, 23, 277
What are the prime factors of 32263?
7, 11, 419
What are the prime factors of 352?
2, 11
List the prime factors of 5526.
2, 3, 307
What are the prime factors of 40199?
61, 659
What are the prime factors of 7316?
2, 31, 59
List the prime factors of 9673.
17, 569
What are the prime factors of 1639?
11, 149
What are the prime factors of 6632?
2, 829
List the prime factors of 813.
3, 271
What are the prime factors of 581?
7, 83
List the prime factors of 110.
2, 5, 11
What are the prime factors of 85437?
3, 11, 863
What are the prime factors of 1489?
1489
List the prime factors of 996.
2, 3, 83
What are the prime factors of 8501?
8501
List the prime factors of 2957.
2957
What are the prime factors of 1140?
2, 3, 5, 19
List the prime factors of 15129.
3, 41
List the prime factors of 597.
3, 199
List the prime factors of 40132.
2, 79, 127
List the prime factors of 3595.
5, 719
List the prime factors of 345.
3, 5, 23
What are the prime factors of 5318?
2, 2659
What are the prime factors of 1725?
3, 5, 23
List the prime factors of 1063.
1063
List the prime factors of 19960.
2, 5, 499
What are the prime factors of 4261?
4261
List the prime factors of 61940.
2, 5, 19, 163
List the prime factors of 307.
307
What are the prime factors of 30625?
5, 7
What are the prime factors of 432?
2, 3
What are the prime factors of 5805?
3, 5, 43
List the prime factors of 24600.
2, 3, 5, 41
List the prime factors of 8568.
2, 3, 7, 17
What are the prime factors of 12212?
2, 43, 71
List the prime factors of 11058.
2, 3, 19, 97
What are the prime factors of 99271?
37, 2683
What are the prime factors of 32167?
19, 1693
What are the prime factors of 2984?
2, 373
What are the prime factors of 88163?
131, 673
What are the prime factors of 1688?
2, 211
What are the prime factors of 20569?
67, 307
List the prime factors of 1364.
2, 11, 31
What are the prime factors of 2236?
2, 13, 43
What are the prime factors of 2571?
3, 857
List the prime factors of 21269.
21269
List the prime factors of 98407.
98407
What are the prime factors of 28262?
2, 13, 1087
What are the prime factors of 3297?
3, 7, 157
What are the prime factors of 11479?
13, 883
What are the prime factors of 51613?
51613
What are the prime factors of 5192?
2, 11, 59
List the prime factors of 19372.
2, 29, 167
What are the prime factors of 2867?
47, 61
List the prime factors of 59736.
2, 3, 19, 131
List the prime factors of 307.
307
What are the prime factors of 20088?
2, 3, 31
What are the prime factors of 23224?
2, 2903
List the prime factors of 27908.
2, 6977
What are the prime factors of 29962?
2, 71, 211
List the prime factors of 3204.
2, 3, 89
List the prime factors of 695.
5, 139
List the prime factors of 482.
2, 241
List the prime factors of 2951.
13, 227
List the prime factors of 77132.
2, 11, 1753
What are the prime factors of 516?
2, 3, 43
List the prime factors of 48994.
2, 11, 17, 131
What are the prime factors of 10662?
2, 3, 1777
List the prime factors of 12747.
3, 7, 607
What are the prime factors of 3779?
3779
What are the prime factors of 34538?
2, 7, 2